{"id":443,"date":"2021-08-17T21:25:06","date_gmt":"2021-08-17T19:25:06","guid":{"rendered":"http:\/\/blog.sebastiancuevas.com\/?page_id=443"},"modified":"2021-08-17T21:25:06","modified_gmt":"2021-08-17T19:25:06","slug":"la-radio","status":"publish","type":"page","link":"http:\/\/blog.sebastiancuevas.com\/?page_id=443","title":{"rendered":"La Radio"},"content":{"rendered":"<p><img loading=\"lazy\" decoding=\"async\" class=\"size-medium wp-image-441 aligncenter\" src=\"http:\/\/blog.sebastiancuevas.com\/wp-content\/uploads\/2021\/08\/philips-300x225.jpeg\" alt=\"Philips\" width=\"300\" height=\"225\" srcset=\"http:\/\/blog.sebastiancuevas.com\/wp-content\/uploads\/2021\/08\/philips-300x225.jpeg 300w, http:\/\/blog.sebastiancuevas.com\/wp-content\/uploads\/2021\/08\/philips.jpeg 500w\" sizes=\"(max-width: 300px) 100vw, 300px\" \/><br \/>\nDel mismo modo que en su producci\u00f3n literaria, su trabajo period\u00edstico<br \/>\nse desarrollo en distintos soportes y medios todos desde la perspectiva de la actualidad, el periodismo de investigaci\u00f3n y denuncia, el reportaje o la cr\u00f3nica diaria.<\/p>\n<p>En el \u00e1mbito de la radio su labor period\u00edstica de inicia siendo muy joven en la radio a la que nunca olvido. Como poeta, hac\u00eda gala de una voz, profunda, rotunda y que en los comienzos de su carrera emiti\u00f3 desde la corresponsal\u00eda de Radio Atalaya de Cabra y su popular informativo de mediod\u00eda en EAJ 24 Radio C\u00f3rdoba en La hora de verdad, junto a Rafael L\u00f3pez Cansinos y Paco Vargas aquellos tiempos en que nac\u00eda la FM de Radio C\u00f3rdoba. Tuvo ocasi\u00f3n de colaborar tambi\u00e9n con programas para Radio Exterior de Espa\u00f1a en Onda Corta.<\/p>\n<p>Siempre con su magnet\u00f3fono Philips, cubri\u00f3 la informaci\u00f3n pol\u00edtica y social de la ciudad como un periodista de referencia.<\/p>\n","protected":false},"excerpt":{"rendered":"<p>Del mismo modo que en su producci\u00f3n literaria, su trabajo period\u00edstico se desarrollo en distintos soportes y medios todos desde la perspectiva de la actualidad, el periodismo de investigaci\u00f3n y denuncia, el reportaje o la cr\u00f3nica diaria. En el \u00e1mbito de la radio su labor period\u00edstica de inicia siendo muy joven en la radio a [&hellip;]<\/p>\n","protected":false},"author":1,"featured_media":0,"parent":0,"menu_order":0,"comment_status":"closed","ping_status":"closed","template":"","meta":{"footnotes":""},"class_list":["post-443","page","type-page","status-publish","czr-hentry"],"_links":{"self":[{"href":"http:\/\/blog.sebastiancuevas.com\/index.php?rest_route=\/wp\/v2\/pages\/443"}],"collection":[{"href":"http:\/\/blog.sebastiancuevas.com\/index.php?rest_route=\/wp\/v2\/pages"}],"about":[{"href":"http:\/\/blog.sebastiancuevas.com\/index.php?rest_route=\/wp\/v2\/types\/page"}],"author":[{"embeddable":true,"href":"http:\/\/blog.sebastiancuevas.com\/index.php?rest_route=\/wp\/v2\/users\/1"}],"replies":[{"embeddable":true,"href":"http:\/\/blog.sebastiancuevas.com\/index.php?rest_route=%2Fwp%2Fv2%2Fcomments&post=443"}],"version-history":[{"count":2,"href":"http:\/\/blog.sebastiancuevas.com\/index.php?rest_route=\/wp\/v2\/pages\/443\/revisions"}],"predecessor-version":[{"id":446,"href":"http:\/\/blog.sebastiancuevas.com\/index.php?rest_route=\/wp\/v2\/pages\/443\/revisions\/446"}],"wp:attachment":[{"href":"http:\/\/blog.sebastiancuevas.com\/index.php?rest_route=%2Fwp%2Fv2%2Fmedia&parent=443"}],"curies":[{"name":"wp","href":"https:\/\/api.w.org\/{rel}","templated":true}]}}

<p><img loading="lazy" decoding="async" class="size-medium wp-image-441 aligncenter" src="http://blog.sebastiancuevas.com/wp-content/uploads/2021/08/philips-300x225.jpeg" alt="Philips" width="300" height="225" srcset="http://blog.sebastiancuevas.com/wp-content/uploads/2021/08/philips-300x225.jpeg 300w, http://blog.sebastiancuevas.com/wp-content/uploads/2021/08/philips.jpeg 500w" sizes="(max-width: 300px) 100vw, 300px" /><br />
Del mismo modo que en su producción literaria, su trabajo periodístico<br />
se desarrollo en distintos soportes y medios todos desde la perspectiva de la actualidad, el periodismo de investigación y denuncia, el reportaje o la crónica diaria.</p>
<p>En el ámbito de la radio su labor periodística de inicia siendo muy joven en la radio a la que nunca olvido. Como poeta, hacía gala de una voz, profunda, rotunda y que en los comienzos de su carrera emitió desde la corresponsalía de Radio Atalaya de Cabra y su popular informativo de mediodía en EAJ 24 Radio Córdoba en La hora de verdad, junto a Rafael López Cansinos y Paco Vargas aquellos tiempos en que nacía la FM de Radio Córdoba. Tuvo ocasión de colaborar también con programas para Radio Exterior de España en Onda Corta.</p>
<p>Siempre con su magnetófono Philips, cubrió la información política y social de la ciudad como un periodista de referencia.</p>

<p>Del mismo modo que en su producción literaria, su trabajo periodístico se desarrollo en distintos soportes y medios todos desde la perspectiva de la actualidad, el periodismo de investigación y denuncia, el reportaje o la crónica diaria. En el ámbito de la radio su labor periodística de inicia siendo muy joven en la radio a [&hellip;]</p>
